2, 19
Let f = 141 + -106. List the prime factors of f.
5, 7
Suppose -12 = -2*u - 2*u. Suppose -3*n + 23 = -5*w - 2, 2*w = -10. Let i = u + n. List the prime factors of i.
3
Suppose -11 = 4*i - 3. Let r be (1 + -2)/(i/(-14)). Let x = 19 + r. List the prime factors of x.
2, 3
Let c = 2 - 2. Suppose 7*b = 3*b. Suppose b = -3*v + 5*j + 29, c*j + j + 16 = 4*v. List the prime factors of v.
3
Suppose -3*c = 5*t - 1041, -t - 4*c = 4*t - 1038. What are the prime factors of t?
2, 3, 5, 7
Suppose 8*p - 2*p - 450 = 0. List the prime factors of p.
3, 5
Suppose 3*g + 2*g - 75 = 0. Suppose -p - g = -4*p. What are the prime factors of p?
5
Let t(p) = p**2 - 4*p - 2. What are the prime factors of t(-3)?
19
Let s = 75 + -36. What are the prime factors of s?
3, 13
Suppose -61 = -2*c + 5*m, -4*m + 45 = 2*c - 7. List the prime factors of c.
2, 7
Let g(q) be the third derivative of -2/3*q**3 - 1/12*q**4 - 7/60*q**5 + 0*q + 0 - 1/120*q**6 + q**2. What are the prime factors of g(-7)?
2, 5
Let t(i) = -i - 1. Let m(r) = 2*r + 4. Let g(f) = m(f) + 4*t(f). Let u be g(-1). Suppose -u*s = -l - 15, s - 1 = -4*l + 11. List the prime factors of s.
2
Suppose 0 = -3*y - y. Let s(q) = -2*q - 3 + y*q - 5*q. What are the prime factors of s(-2)?
11
List the prime factors of 3/(1 + -4)*-31.
31
Let t(n) = n**3 - 6*n**2 - 7*n - 2. Let x be t(7). Let c be 3*(x - -1)*-1. Suppose u = c*l - 41, -9 + 41 = l - 4*u. List the prime factors of l.
2, 3
Let m(s) = -112*s**3 + 2*s**2 - 1. List the prime factors of m(-1).
113
Let g = 27 + 70. List the prime factors of g.
97
Suppose -m - 249 = -u + 58, 2*m = 8. What are the prime factors of u?
311
Suppose 3*z - 91 = -5*t, 2*z + 4*t + 23 - 83 = 0. Suppose -w + z = 5. List the prime factors of w.
3
Suppose -4*n + 10 = -m - 3*n, 0 = m + 5*n + 16. Let c = -8 - m. Suppose o + 4*u + 8 = 0, -2*o + 11 = 2*u + c. List the prime factors of o.
2
What are the prime factors of (1 + -75)*(-13)/26?
37
Let s = 151 + -19. List the prime factors of s.
2, 3, 11
Let g be (-1)/(-3) + (-20)/(-12). Suppose -2*x = g*x - 80. List the prime factors of x.
2, 5
What are the prime factors of 1/3 - (-1074)/18?
2, 3, 5
Suppose -12*s = -9*s - 69. Let i = s - 14. What are the prime factors of i?
3
Suppose -2*l + 0*l + 24 = 0. List the prime factors of (2 - l/9)*51.
2, 17
Let x(w) = w - 10. Let d be x(10). Suppose d = 3*n + 26 - 71. What are the prime factors of n?
3, 5
Suppose 0*c + 3*c = 2*u - 15, -3*c = 9. Suppose u*v + 8 = 5*v. List the prime factors of v.
2
List the prime factors of (-5)/(15/(-156)) + (-1)/(-1).
53
Let o(a) = a**2 - 11*a + 11. What are the prime factors of o(-10)?
13, 17
Let z = -10 - -26. List the prime factors of z.
2
Let g(t) = -t**3 - 7*t**2 - 7*t - 2. Let i be g(-6). Suppose 36 = 2*r - i*h, -5*r + 2*h = -0*r - 50. Suppose -3*o = o - r. What are the prime factors of o?
2
Suppose 5*o + 5 = -z, -z - 1 = -5*o - 6. Let u be (-2 - (-2 + o)) + 1. Suppose 0 = -0*g - u*g + 14. What are the prime factors of g?
7
Let v(l) = 3*l**2 - 2*l + 1. Let c be v(1). Suppose 0 = c*o + o - 24. List the prime factors of o.
2
Suppose -6*z - 42 = -7*z. What are the prime factors of z?
2, 3, 7
Suppose 0*j = -j + 4*y - 11, -13 = -2*j + y. Let d = -5 + j. What are the prime factors of d?
2
Let g = 72 + 56. List the prime factors of g.
2
Let b = 8 + -4. Suppose 0 = 2*f - 4*o - 10, 4*f = b*o + 13 + 3. List the prime factors of f.
3
Suppose -4*q + 39 + 9 = 0. Let c be ((-2)/4)/((-2)/q). Suppose -c*h + 23 = -16. What are the prime factors of h?
13
Let k(g) = -g**3 - 2*g**2 - 10. Let y be k(0). Let f = y - -21. What are the prime factors of f?
11
Let z = -10 - -4. What are the prime factors of 29/2 - z/12?
3, 5
Let o = 0 - -4. Suppose 24 = 2*f - 0*f. Suppose -o*z = -0 - f. List the prime factors of z.
3
Let c = 4 + 2. Suppose 0 = -7*k + c*k + 48. What are the prime factors of k?
2, 3
Let m(l) = 2*l**2 + 2*l - 1. Let s be m(-2). Suppose -3*d + 8 = 41. Let w = s - d. List the prime factors of w.
2, 7
Let n = 19 + -8. Suppose 2*z - n = -3*i, 5*i + 4*z - z - 17 = 0. Let b(g) = 3*g + 1. What are the prime factors of b(i)?
2
Let u = -18 + 0. Let d = u - -22. What are the prime factors of d?
2
Let x be (-16)/12*1*-3. Suppose -2*o = 2*q - 0*o - 8, 0 = -x*q + 5*o + 7. List the prime factors of q.
3
Let z = 2 - 2. Let v = 0 - z. Suppose v = -g - 0*g + 12. What are the prime factors of g?
2, 3
Let t = -21 - -48. What are the prime factors of t?
3
Let l = 12 - 9. Let a be (-2 + 36)/(l/9). List the prime factors of 2/(-10) + a/10.
2, 5
Let j be (4 + 27)*(0 - -1). Suppose j = 3*t + 7. What are the prime factors of t?
2
Suppose -q - 4*q = 2*s - 14, -5*s = -3*q - 4. Suppose -t = -9 - s. List the prime factors of t.
11
Let a = 50 - 88. List the prime factors of (-2 + a)/(2/(-2)).
2, 5
Let p(q) = -q**3 - 7*q**2 + 7*q. Let u(x) be the third derivative of -7*x**6/120 - x**5/30 + x**3/6 - 2*x**2. Let c be u(1). List the prime factors of p(c).
2
Let o(u) = 2*u + 4. Let h be o(4). Suppose p + p = h. List the prime factors of (-2)/p + (-44)/(-6).
7
Let j(u) = u + 5. Let o be j(-7). What are the prime factors of (o - -3)/((-2)/(-14))?
7
Let j(y) = y**3 - 9*y**2 + 8*y - 3. Let i be j(8). Let b = i - -12. List the prime factors of 15/b*3 - -2.
7
Let g = 2 + 9. What are the prime factors of g?
11
Suppose 0 = -g - 3*o + 6, -2*o + 4 + 0 = 2*g. Suppose -7*f + 6*f + 34 = g. What are the prime factors of f?
2, 17
Suppose 9 = -3*z, 2*z + z + 21 = -4*f. List the prime factors of f*(2 - 1) + 12.
3
Let p(c) = c**2 + 3*c + 8. List the prime factors of p(-6).
2, 13
Let l be (-2 - 1)*(-2)/(-6). What are the prime factors of l/(52/18 - 3)?
3
Let k be (3 + 4 + -6)*4. Suppose 5*w = a - k, -3*w + 66 = 3*a - 0*a. What are the prime factors of a?
19
Let u = 13 - -12. Suppose -4*f = -u - 19. What are the prime factors of f?
11
Let d(b) = b**2 + 11*b + 3. What are the prime factors of d(6)?
3, 5, 7
Let q = 8 - 10. What are the prime factors of 8/2 + q/1?
2
Let c(t) = -t**2 - 12*t - 11. List the prime factors of c(-10).
3
Suppose 6 = 2*w + w. Let v = w - 0. Suppose v*g = -g + 30. List the prime factors of g.
2, 5
Suppose -3*f = -10*f + 791. What are the prime factors of f?
113
Let y(w) = -w + 2. Let g be y(4). What are the prime factors of (g + 6)*12/8?
2, 3
Suppose 1 = 3*o - 2. Let k = 6 - o. What are the prime factors of k?
5
Suppose 2*f = 52 + 36. What are the prime factors of f?
2, 11
Suppose 0 = 3*s + d - 12, 5*d - 15 = -3*s + 3*d. Let q be s*3/(-9)*-10. Suppose -5*k - 35 = -q*k. What are the prime factors of k?
7
Let o be (1 - 15)*(-24)/14. Suppose 2*s = o + 16. What are the prime factors of s?
2, 5
Let i(w) = w + 1. Let s be i(9). Suppose 0 = -v + 3 + s. What are the prime factors of v?
13
Let f be (6/(-4))/(3/4). Let s be (-6)/(-9) - f/(-3). Suppose -5*v = -s*v - 10. List the prime factors of v.
2
Suppose 2*h - h - 41 = 0. List the prime factors of h.
41
Let v be 0 - (1 - 1 - -2). Let h(c) = 2*c + 1. Let k be h(-11). List the prime factors of (k/9)/(v/6).
7
Let g be 1 + -1 - -1*3. Let m(b) be the second derivative of -b**5/20 + b**4/4 + 2*b**2 + 2*b. List the prime factors of m(g).
2
Suppose 4*i - 5*i = -2. Suppose 0 = i*r - 4*r + 32. What are the prime factors of r?
2
Suppose -2*b + 154 = -22. List the prime factors of b/(-3 + 5) + -2.
2, 3, 7
Let p(n) = 7*n + 5. Let h(t) = 8*t + 7. Let l(s) = 7*s + 6. Let v(b) = -3*h(b) + 4*l(b). Let o(j) = 3*p(j) - 5*v(j). List the prime factors of o(2).
2
Let o(z) = z + 1. Let i be o(1). Let h(f) = f**3 - 9*f**2 + 10*f - 12. Let p be h(8). Suppose 0 = -i*m + 12 + p. What are the prime factors of m?
2
Suppose s = -2*f - 5, -5*s + 10 = 2*f + 3. What are the prime factors of s/(-6) - (-164)/8?
2, 5
Suppose 5*f - 5*u = 18 - 3, -4*u = f - 3. Suppose m = 1 + f. What are the prime factors of m?
2
List the prime factors of (-3)/(-12) - (-150)/8.
19
Let q(n) = -13*n**2 + 5*n + 4. Let v(m) = 6*m**2 - 3*m - 2. Let b(r) = 4*q(r) + 9*v(r). List the prime factors of b(5).
13
Let f(j) = j - 7. Let i be f(3). Suppose -5*w = -27 + 82. Let o = i - w. List the prime factors of o.
7
Suppose 5*o = -5*z + 315, 10 + 2 = 4*o. List the prime factors of z.
2, 3, 5
Let t be 0 - -4 - (0 - 1). Suppose -17 = -t*y - 3*v + 28, -v + 23 = 3*y. List the prime factors of y.
2, 3
Let a = 150 - 86. What are the prime factor